v - x = 0. List the prime factors of v.
23
Let q = 8 + 37. List the prime factors of q.
3, 5
Let f = -18 - -51. List the prime factors of ((-56)/(-6))/(22/f).
2, 7
Let y be (-106)/(-4) + (-1)/2. Suppose c - y = -c. List the prime factors of c.
13
Let c(r) = 4*r - 1 - 3*r**2 + 4 + 1 - r**3. Let l be c(-4). Let u = 16 - l. What are the prime factors of u?
2, 3
Let r = 118 + 78. What are the prime factors of r?
2, 7
Let x(m) = -m - 1. Suppose 2*d = -4*t + 37 + 37, -4*t = 4*d - 84. Suppose 0 = -2*o - 10, o + 19 = -5*h - t. What are the prime factors of x(h)?
5
List the prime factors of 168/(-1)*3/(-6)*1.
2, 3, 7
Let a be 3 + -2*(-15)/6. Let y = 0 + a. List the prime factors of y.
2
Let h(a) be the first derivative of -a**2 - a - 3. Let t be h(-2). Suppose 2*d - 5*s - 50 = -t*d, -25 = -d + 4*s. What are the prime factors of d?
5
Suppose 0 = -9*p + 330 + 138. What are the prime factors of p?
2, 13
What are the prime factors of 304/10 + 9/15?
31
Suppose 61 = 5*u + 16. Let t = u + -7. Let b = 4 + t. List the prime factors of b.
2, 3
Suppose -g = -0*g. Suppose 40 = -4*t - g*t. Let x = -6 - t. What are the prime factors of x?
2
Let b = 134 - 84. What are the prime factors of b?
2, 5
Let f be (2 - (-5 + -1)) + 0. Let t = 11 - f. What are the prime factors of t?
3
Suppose 8*d - 937 - 535 = 0. What are the prime factors of d?
2, 23
Suppose -g = d + g - 2, 5*d = -5*g + 20. Let p(v) = -v**3 + 8*v**2 - 9*v. List the prime factors of p(d).
2, 3
Let h(i) = 67*i - 3. List the prime factors of h(1).
2
Suppose 5*j - 10 - 25 = -q, -4*q - 3*j = -72. Suppose 3*y + q = -2*y. Let t = 10 + y. What are the prime factors of t?
7
Let v be (3 - (-3 - -7)) + 4. Suppose -2*y = -5*d - 39, v*y = 4*d + 6 + 35. What are the prime factors of y?
7
Suppose -6 = -2*a, -j - 4*j + a = -557. What are the prime factors of j?
2, 7
Let b be ((-6)/(-3))/((-10)/(-15)). Suppose b*x - 61 = -5*k, 112 = 4*x - 0*x - k. List the prime factors of x.
3
Let a = 6 - 6. Suppose -2*h = -m + 15, -2*m + a*h - h = -25. List the prime factors of m.
13
Let o(q) = 7*q**2 - 5*q + 4. What are the prime factors of o(3)?
2, 13
Let n(m) = 3*m**2 - m - 3. Let j(r) = -r**2 - 6*r - 5. Let g be j(-4). List the prime factors of n(g).
3, 7
Suppose 22 = 5*u - l - 1208, 0 = 5*u - 3*l - 1240. What are the prime factors of u?
5, 7
Let m = 240 + -123. List the prime factors of m.
3, 13
Let t = -11 - -18. Let b = t + -11. Let r(v) = -2*v - 4. What are the prime factors of r(b)?
2
Suppose -66 = -3*k + 3*s, -2*k - k = 5*s - 50. What are the prime factors of (-8)/k - 184/(-10)?
2, 3
Suppose 5*b - d = 205, 2*d = 1 + 9. Suppose 5*g + 7 = b. List the prime factors of g.
7
Suppose -8 = -t + 1. Let f(l) = -l**2 + 10*l + 7. What are the prime factors of f(t)?
2
Let g(a) = -a**2 - 6*a - 1. Let d be g(-5). What are the prime factors of (-148)/(-16) - 1/d?
3
Let x = 60 - -187. List the prime factors of x.
13, 19
Let p = 5 - 4. Let o = 2 + p. Suppose 2*r = o*r - 2. What are the prime factors of r?
2
Let n(s) = 21*s**2 + 4*s + 2. List the prime factors of n(-1).
19
Suppose 0 = -5*k + 4*k - q + 77, q = 3*k - 219. List the prime factors of k.
2, 37
Suppose 334 = 14*u - 982. List the prime factors of u.
2, 47
Let n be (-5)/25 + (-28)/10. Let v(q) = q**3 - 3*q - 2. Let h be v(n). Let k = -8 - h. What are the prime factors of k?
2, 3
Let p = 109 + 3. List the prime factors of p.
2, 7
Let a(s) = -18*s + 15. List the prime factors of a(-2).
3, 17
Suppose p - 2*p = -5. Suppose 0*k - p*k = -j - 12, 0 = -4*k + 3*j + 3. Suppose -k*u = 4*m + 10, -5*u + 18 = -m - m. What are the prime factors of u?
2
Let k = 391 + -277. What are the prime factors of k?
2, 3, 19
Suppose 0 = -3*r + 2*r + 61. What are the prime factors of r?
61
Let k(c) = -197*c**2 - c + 197*c**2 + 9*c**3. List the prime factors of k(1).
2
Let s(u) = 4*u**2 - u**2 + 5 - 7*u - u**2. Let m be s(7). Suppose 3*t + 9 = m. List the prime factors of t.
3, 5
Let g(i) = 10*i**2 + 21*i + 1. List the prime factors of g(-6).
5, 47
Suppose g - 3*g = -114. List the prime factors of g.
3, 19
Let l = -7 - -26. List the prime factors of l.
19
Suppose -m + 4 = -0. List the prime factors of m.
2
Let g = -1 - 1. Let x be -2*(g - 39/2). Suppose -3*w + 4*t = 15 - x, -2*w + 5*t = -14. What are the prime factors of w?
2, 3
Suppose -o - 96 = -2*p + 4*o, 5*p - 263 = o. List the prime factors of p.
53
Let d be 1/((-3)/84)*-1. Let t = 51 - d. List the prime factors of t.
23
Let q(t) = -t**2 - 9*t - 8. Suppose -a - a = 3*x - 10, -2*a = x - 2. Suppose x*g + y - 2*y = -23, -4*y = -5*g - 15. What are the prime factors of q(g)?
2, 3
Suppose u = 3*u + 142. Let z = -45 - u. What are the prime factors of z?
2, 13
Let y(p) = 21*p**2 + 6*p + 9 - p - 20*p**2. What are the prime factors of y(-6)?
3, 5
Let v be -1 + (38/(-1))/(-1). Let n = v + -16. What are the prime factors of n?
3, 7
Let f be 10/7*(2 + 5). Suppose 0 = 2*q + f, -4*y + 4*q = 16. Let i(z) = -z**2 - 10*z - 3. List the prime factors of i(y).
2, 3
Let q(c) = -2*c + 45. Let m be q(0). Suppose m = 6*v - 3*v. What are the prime factors of v?
3, 5
Let q = -13 + 22. List the prime factors of q.
3
Let y(m) = -m**3 - 10*m**2 - 9*m + 2. Let d be y(-9). Let s(u) = 2 - 6*u**d + 6 - 5*u + 5*u**2. What are the prime factors of s(-6)?
2
Let r = -9 + 7. What are the prime factors of (10/r - -2) + 10?
7
Suppose 3*l - 6*l = 2*j - 181, -5*l + 94 = j. List the prime factors of j.
89
Let o = 9 + -4. Suppose 5 = -o*z + 55. List the prime factors of z.
2, 5
Let i = -23 + 24. List the prime factors of 154/3 - i/3.
3, 17
Suppose -5*g + 244 - 94 = 0. Suppose 0*l = 2*f + 2*l - g, -4*f + 35 = -l. What are the prime factors of f?
2, 5
Let k(b) = -2*b + 27. Let u be k(0). Suppose 0 = -5*f + 132 - u. List the prime factors of f.
3, 7
Suppose 0 = -5*h - 2*b + 31, -4*h + 0*b + 20 = 4*b. Let r = 33 - h. What are the prime factors of r?
2, 13
List the prime factors of (686/35)/((-2)/(-5)).
7
Let k(a) = 13*a - 6. What are the prime factors of k(4)?
2, 23
Let t be (0 - (4 + -3)) + 3. Suppose -5 - 13 = -2*j + m, 4 = t*m. List the prime factors of j.
2, 5
Suppose r - 8 = 24. List the prime factors of r.
2
Let d be (-30)/(-9)*(-36)/(-15). Let y(j) be the third derivative of j**6/120 - 3*j**5/20 + 3*j**4/8 + 5*j**3/6 - 2*j**2. List the prime factors of y(d).
13
List the prime factors of 2/(-17) + (-14035)/(-85).
3, 5, 11
Let x be 3*(3 - (1 - -1)). Suppose 3*h - 3 = x. What are the prime factors of h?
2
Suppose 3*l - 5*h - 16 - 10 = 0, l - 9 = 2*h. Suppose -13 - l = -4*r. Suppose -r*x + 0*z = -2*z - 47, -5 = x - 4*z. List the prime factors of x.
11
Let x(o) = o**2 + 6*o + 9. Let z be x(-6). List the prime factors of (-6)/z - (-34)/6.
5
Let r = 1 - -3. Suppose 0*u = r*u - 112. Suppose 4*z - u = 8. List the prime factors of z.
3
What are the prime factors of 864/15 + 15/(-25)?
3, 19
Let x(p) = 3*p - 6. Let h(w) = 7*w - 1. Let f(z) = -z**2 - 6*z - 4. Let j be f(-5). Let g be h(j). List the prime factors of x(g).
2, 3
Let u = 29 - 16. Let o = 32 - u. Let x = o - 1. List the prime factors of x.
2, 3
Let p(d) = 3*d - 6. List the prime factors of p(3).
3
Let i(z) = -z**3 - 8*z**2 - 7*z + 4. Let o be i(-7). Let w = -12 + 30. Suppose o*s - 38 = w. List the prime factors of s.
2, 7
Suppose 0 = h - 4*d - 4, 3*d = -h + 25. List the prime factors of h.
2
Let u = -1 - -2. Let r = 13 + u. What are the prime factors of r?
2, 7
Suppose 5*x - 30 = 5*h, -50 = -5*x + 3*h - 2*h. Suppose 2 - x = -o. What are the prime factors of 3*(-1)/(-3) + o?
2, 5
Let h = -22 + 32. Let b(z) = z - 7. Let m be b(h). Suppose 0 = m*c - x - 69, 5*c - 3*x - 63 = 2*c. List the prime factors of c.
2, 3
Suppose 0 = v + 3 + 3. Let z be 14/6 - v/(-18). Suppose 0 = 3*u + z*p - 34, 52 = 3*u + u + 4*p. What are the prime factors of u?
2
Suppose -4*r + 9 = -3*d, -22 = 4*d - r - r. Let s = -17 - d. Let g = 17 + s. List the prime factors of g.
7
Let h(z) = 23*z - 1. Suppose -m = -3*m + 2*d + 6, 4*m + 2*d = 0. Let l be h(m). Let a = -13 + l. What are the prime factors of a?
3
List the prime factors of 3365/25 + -2*(-6)/(-20).
2, 67
Let t be (2*-1)/((-5)/(-10)). Let m(k) = -2*k - 4 + 5 + 1. What are the prime factors of m(t)?
2, 5
Suppose -5*t = -h + 87, -4*h + 2*t - 4*t = -414. List the prime factors of h.
2, 3, 17
Let m be (-1 - 72) + (3 - 5). Let d be